-1101110000100100001000
In base 8, what is -65 + -3737710?
-3737775
In base 14, what is 2b9 + 91ad?
9488
In base 11, what is 68756 - -13?
68769
In base 16, what is -9 + -569ca5?
-569cae
In base 13, what is -51424 - -167?
-5128a
In base 10, what is -451168 - 4?
-451172
In base 11, what is 75a008 - 1?
75a007
In base 4, what is -2 + -10213130333100?
-10213130333102
In base 5, what is -4110 - 1440114?
-1444224
In base 12, what is 882b610 + -3?
882b609
In base 11, what is -43870 + -37a9?
-47569
In base 5, what is -2 + 1032103324?
1032103322
In base 7, what is 352065 - 16?
352046
In base 10, what is 511314 - -13?
511327
In base 6, what is 5 + 522433103?
522433112
In base 12, what is -15a9031 + -37?
-15a9068
In base 16, what is 6c1 - -4050?
4711
In base 3, what is -2 - 210001212010222?
-210001212011001
In base 2, what is -1110001111001 + 100000110101?
-1010001000100
In base 3, what is -10010121101212 - -120100?
-10010120211112
In base 7, what is -516523 + -12022?
-531545
In base 5, what is 1212 - 14210334?
-14204122
In base 14, what is -d10 + -240?
-1150
In base 11, what is 253 - -9258?
9500
In base 16, what is 13e3 + 10b4e?
11f31
In base 11, what is -6 - -a326124?
a326119
In base 11, what is -a32 + -5a277?
-601a9
In base 11, what is -512 + -1839a?
-18901
In base 5, what is -4123324 + 3?
-4123321
In base 6, what is -103 - 3351424?
-3351531
In base 8, what is 1 + 11164126?
11164127
In base 7, what is 20 + -32413350?
-32413330
In base 5, what is 1301000113 - -31?
1301000144
In base 5, what is 11144322 + 4?
11144331
In base 12, what is 14ba022 + -4?
14ba01a
In base 2, what is 11111110111110001 - -10000110100?
100000001000100101
In base 12, what is -286 + 756906?
756640
In base 15, what is -19 + -51971?
-5198a
In base 14, what is -1d242882 + -3?
-1d242885
In base 8, what is 3 - -52457053?
52457056
In base 16, what is -914f40 - -1?
-914f3f
In base 7, what is 34231 - -20321?
54552
In base 9, what is -56 + 11466321?
11466254
In base 11, what is 8915 - -228?
9042
In base 12, what is 282540 + 288?
282808
In base 3, what is -100001100002 + 11202?
-100001011100
In base 16, what is -119 - -122f?
1116
In base 5, what is 2311431 + -22432?
2233444
In base 13, what is -9c + -480002?
-4800a1
In base 10, what is 67731 - -6?
67737
In base 15, what is -192 - 32c3?
-3465
In base 7, what is 31464 - -4032?
35526
In base 9, what is 277 + 105226?
105514
In base 5, what is -140 - 3421110020?
-3421110210
In base 2, what is 1011010101 + 101110100100101011?
101110110000000000
In base 3, what is -102022001212 - -210?
-102022001002
In base 3, what is -11222202000121200 + -12?
-11222202000121212
In base 14, what is 1b27d60 - -5?
1b27d65
In base 2, what is 1101111110000000 + -1111110111?
1101101110001001
In base 14, what is a3c701b - 0?
a3c701b
In base 3, what is 1010120121221 + 111?
1010120122102
In base 4, what is 33230333 - -10132?
33301131
In base 12, what is a292403 + -5?
a2923ba
In base 13, what is -9b3756 - -13?
-9b3743
In base 4, what is 33123011102 - -13?
33123011121
In base 11, what is -1049017 - 1?
-1049018
In base 2, what is 11000111 + -110000010101100000100?
-110000010101000111101
In base 10, what is 759 - -3562?
4321
In base 8, what is 6064 - 1702?
4162
In base 14, what is 1a - -10d4755?
10d4771
In base 13, what is 42c19 + -34?
42bb5
In base 7, what is -15332 + 1223121?
1204456
In base 7, what is -3 - 26023540?
-26023543
In base 15, what is -92 + 583d6?
58344
In base 10, what is 1 + 51279528?
51279529
In base 9, what is -644 - 245765?
-246520
In base 11, what is 783940622 + 2?
783940624
In base 10, what is -2 - -3738992?
3738990
In base 12, what is 9 - -139722?
13972b
In base 7, what is -1203066 + -21?
-1203120
In base 14, what is -67 + 16718?
16691
In base 9, what is -181884 - -102?
-181782
In base 2, what is -11011011010111101001000011110 + 101?
-11011011010111101001000011001
In base 14, what is 28c2a - -431?
2925b
In base 13, what is 23 + 34c659?
34c67c
In base 16, what is -81bfef + b?
-81bfe4
In base 9, what is 173 - 11231?
-11047
In base 15, what is -a60a11 + -4?
-a60a15
In base 6, what is 0 - 11343254530?
-11343254530
In base 4, what is 20023100 - -323312?
21013012
In base 8, what is 240 - 5642?
-5402
In base 10, what is 7309357 - 63?
7309294
In base 15, what is 45ccd1 - -d?
45ccde
In base 5, what is -21121012 + -11130?
-21132142
In base 12, what is -15326802 + 2?
-15326800
In base 10, what is -13 + -151779?
-151792
In base 8, what is 3540105 + -3?
3540102
In base 15, what is -2 - 48b48e?
-48b491
In base 10, what is -321716694 + 2?
-321716692
In base 2, what is 110010010101011 - -1001111?
110010011111010
In base 13, what is -5 - a77224?
-a77229
In base 11, what is -3a - 2315a?
-23199
In base 11, what is 49945a4 - 2a?
4994575
In base 9, what is -157 + -166820?
-167077
In base 3, what is -21002220022 + -2210101?
-21012200200
In base 7, what is 0 + -34336632?
-34336632
In base 16, what is 1a222dc - 5?
1a222d7
In base 9, what is -10323 + 2257?
-7055
In base 2, what is 101 + -10000001010101010010101001000?
-10000001010101010010101000011
In base 9, what is -31057174 - -3?
-31057171
In base 8, what is 1 + 151724471?
151724472
In base 8, what is 3522523 + 61?
3522604
In base 7, what is -4 + -25640541?
-25640545
In base 12, what is 6 + -9921a0?
-992196
In base 14, what is -b69 + 19d?
-9aa
In base 9, what is -108251 + 68?
-108172
In base 10, what is -151163 + 14?
-151149
In base 3, what is 22112021010102 - 2000?
22112021001102
In base 2, what is -100010 + 10100000101010010010110?
10100000101010001110100
In base 14, what is 2 - b0ad2a?
-b0ad28
In base 11, what is 1 - -270064?
270065
In base 15, what is -3b + -2e8dc?
-2e928
In base 12, what is -1 - -698621?
698620
In base 10, what is -2022 - -106141?
104119
In base 5, what is 432 + 4020324001?
4020324433
In base 12, what is 12592a6 + 4?
12592aa
In base 10, what is -2 + 34995055?
34995053
In base 12, what is -3 - 18b565?
-18b568
In base 10, what is 1074 + -192?
882
In base 3, what is 1 - 2100222000121?
-2100222000120
In base 4, what is -13031211111103 - 2?
-13031211111111
In base 15, what is -4 - -6b96616?
6b96612
In base 12, what is 48 - 51b984?
-51b938
In base 14, what is -8c8 - 8dd?
-13c7
In base 16, what is 1 - 506c4e?
-506c4d
In base 16, what is 4 + e635e9?
e635ed
In base 2, what is -100111 - 101111110111010000100111?
-101111110111010001001110
In base 6, what is 212244 + -2420?
205424
In base 10, what is 79 - -207475?
207554
In base 11, what is -133a87 - 462?
-134439
In base 12, what is 5bb422 + -6?
5bb418
In base 16, what is 32bad64 + 1?
32bad65
In base 9, what is -56410 + -2166?
-58576
In base 5, what is 23 - 1011224?
-1011201
In base 14, what is -b77 + -69d?
-1436
In base 5, what is -4 + -31110123?
-31110132
In base 16, what is 10af - 5af7?
-4a48
In base 10, what is -5303 + -13150?
-18453
In base 7, what is 15 - 16261426?
-16261411
In base 3, what is -120001111 + 211222?
-112012112
In base 4, what is -112001103022 - -13?
-112001103003
In base 9, what is 2 + 3557416?
3557418
In base 6, what is 4 + -240511123?
-240511115
In base 8, what is 1450406 + -216?
1450170
In base 5, what is -101 - -234034303?
234034202
In base 12, what is 100083 + -ab?
bbb94
In base 14, what is 83 - 62306?
-62263
In base 8, what is 42300 - -4672?
47172
In base 14, what is dd5 + 1170?
2165
In base 15, what is -59b + 603c5?
5ed29
In base 16, what is 43eda0d + -5?
43eda08
In base 6, what is -3251030543 + 3?
-3251030540
In base 10, what is -2787 - 172342?
-175129
In base 8, what is 32267 + -3715?
26352
In base 13, what is 10c3 - -647c?
7572
In base 8, what is 26302101 - 16?
26302063
In base 13, what is 1920ab - 5c8?
1917b3
In base 5, what is -4030033302 + -14?
-4030033321
In base 12, what is -374 + 40b6?
3942
In base 14, what is -66 - -70278b?
702725
In base 8, what is -556 - 1320743?
-1321521
In base 14, what is -506a0 + -19?
-506b9
In base 4, what is 230023011 + 3203?
230032220
In base 11, what is -5008814 + 40?
-5008784
In base 7, what is 24046160 + -25?
24046132
In base 4, what is -12 - 32002322101022?
-32002322101100
In base 4, what is 0 + 123031320123303?
123031320123303
In base 6, what is 1 + -22314551?
-22314550
In base 8, what is -1644 - 107070?
-110734
In base 14, what is -54 + 2dd6d0?
2dd67a
In base 10, what is -2668 + 9734?
7066
In 